 of 331552335?
3
What is the hundred thousands digit of 210142078?
1
What is the hundred thousands digit of 61538086?
5
What is the thousands digit of 47624340?
4
What is the millions digit of 583360470?
3
What is the ten thousands digit of 127491750?
9
What is the ten thousands digit of 65162284?
6
What is the ten thousands digit of 89743652?
4
What is the hundred thousands digit of 86087744?
0
What is the thousands digit of 12871581?
1
What is the hundred thousands digit of 495469533?
4
What is the units digit of 239348491?
1
What is the hundreds digit of 918181755?
7
What is the ten millions digit of 131116068?
3
What is the thousands digit of 6021665747?
5
What is the ten millions digit of 138809316?
3
What is the ten thousands digit of 119729694?
2
What is the units digit of 188811651?
1
What is the units digit of 2795921178?
8
What is the units digit of 570291350?
0
What is the hundreds digit of 412047339?
3
What is the ten millions digit of 64594033?
6
What is the hundreds digit of 181667413?
4
What is the millions digit of 1726132799?
6
What is the thousands digit of 180150594?
0
What is the hundred thousands digit of 40463907?
4
What is the tens digit of 51929716?
1
What is the thousands digit of 276739157?
9
What is the hundreds digit of 769706781?
7
What is the tens digit of 308960248?
4
What is the ten millions digit of 965631055?
6
What is the hundred millions digit of 1851230182?
8
What is the ten thousands digit of 336932051?
3
What is the units digit of 120591076?
6
What is the hundred thousands digit of 85846456?
8
What is the hundred thousands digit of 12598124?
5
What is the millions digit of 5215186862?
5
What is the tens digit of 63450789?
8
What is the hundred thousands digit of 1839667678?
6
What is the millions digit of 692956883?
2
What is the millions digit of 265981453?
5
What is the hundred thousands digit of 180448825?
4
What is the tens digit of 59509386?
8
What is the thousands digit of 2028786399?
6
What is the tens digit of 39746555?
5
What is the thousands digit of 12710559?
0
What is the ten millions digit of 32455371?
3
What is the tens digit of 48141849?
4
What is the tens digit of 52573868?
6
What is the tens digit of 2582324482?
8
What is the hundreds digit of 110486123?
1
What is the ten millions digit of 6993325132?
9
What is the millions digit of 780480142?
0
What is the ten thousands digit of 244965218?
6
What is the hundred millions digit of 564394413?
5
What is the tens digit of 25455829?
2
What is the thousands digit of 3174395851?
5
What is the millions digit of 809367340?
9
What is the ten thousands digit of 168021015?
2
What is the millions digit of 24767850?
4
What is the millions digit of 87441183?
7
What is the ten thousands digit of 980314409?
1
What is the thousands digit of 85792649?
2
What is the units digit of 1375184354?
4
What is the thousands digit of 6720251647?
1
What is the hundreds digit of 3658719586?
5
What is the millions digit of 358951335?
8
What is the tens digit of 1832202914?
1
What is the thousands digit of 6187117025?
7
What is the ten thousands digit of 201742759?
4
What is the thousands digit of 264676975?
6
What is the ten millions digit of 459846516?
5
What is the ten millions digit of 59303790?
5
What is the thousands digit of 1046062834?
2
What is the billions digit of 1072671036?
1
What is the hundreds digit of 16007461?
4
What is the tens digit of 110187823?
2
What is the hundred thousands digit of 11059012?
0
What is the ten millions digit of 338467022?
3
What is the units digit of 3134070524?
4
What is the ten thousands digit of 40443893?
4
What is the tens digit of 2170187939?
3
What is the hundred thousands digit of 327835509?
8
What is the hundred millions digit of 193874309?
1
What is the thousands digit of 464908979?
8
What is the millions digit of 846423251?
6
What is the hundred thousands digit of 2294151935?
1
What is the tens digit of 134705125?
2
What is the ten thousands digit of 142617582?
1
What is the ten thousands digit of 7441597?
4
What is the units digit of 95668843?
3
What is the ten thousands digit of 6705842?
0
What is the thousands digit of 489891352?
1
What is the tens digit of 214061285?
8
What is the tens digit of 612384927?
2
What is the hundred thousands digit of 103677020?
6
What is the ten millions digit of 229570737?
2
What is the hundred millions digit of 147496897?
1
What is the thousands digit of 1015385474?
5
What is the millions digit of 156709177?
6
What is the tens digit of 876527312?
1
What is the thousands digit of 15952689?
2
What is the hundreds digit of 389138226?
2
What is the hundred thousands digit of 9258460?
2
What is the tens digit of 183370941?
4
What is the hundred millions digit of 796754801?
7
What is the millions digit of 826011486?
6
What is the hundred millions digit of 1760284166?
7
What is the millions digit of 7241861685?
1
What is the ten thousands digit of 940524631?
2
What is the tens digit of 573007704?
0
What is the hundred thousands digit of 42483857?
4
What is the hundred millions digit of 3519261080?
5
What is the hundred thousands digit of 1483313499?
3
What is the ten thousands digit of 169985378?
8
What is the thousands digit of 34623831?
3
What is the tens digit of 13235869?
6
What is the ten thousands digit of 304436202?
3
What is the hundred thousands digit of 30080119?
0
What is the hundred millions digit of 178158119?
1
What is the tens digit of 2543370070?
7
What is the thousands digit of 370174800?
4
What is the tens digit of 201962484?
8
What is the ten millions digit of 230557796?
3
What is the hundred millions digit of 3918056655?
9
What is the hundred millions digit of 174978830?
1
What is the units digit of 184814160?
0
What is the millions digit of 182134959?
2
What is the thousands digit of 858466250?
6
What is the millions digit of 91599571?
1
What is the hundreds digit of 38406653?
6
What is the thousands digit of 70262676?
2
What is the units digit of 632177495?
5
What is the millions digit of 6594658?
6
What is the tens digit of 155236927?
2
What is the ten millions digit of 117673125?
1
What is the units digit of 6335514450?
0
What is the hundred millions digit of 1705094949?
7
What is the units digit of 442178505?
5
What is the hundreds digit of 54205313?
3
What is the millions digit of 37298435?
7
What is the millions digit of 63495447?
3
What is the hundred thousands digit of 22837246?
8
What is the hundred thousands digit of 58106045?
1
What is the units digit of 4787372380?
0
What is the millions digit of 357625139?
7
What is the ten thousands digit of 449298529?
9
What is the millions digit of 285267921?
5
What is the hundreds digit of 475188831?
8
What is the millions digit of 110384471?
0
What is the ten thousands digit of 1163727146?
2
What is the tens digit of 29829830?
3
What is the hundreds digit of 59085173?
1
What is the tens digit of 8503099749?
4
What is the tens digit of 4781018729?
2
What is the hundreds digit of 26072380?
3
What is the ten millions digit of 859062956?
5
What is the thousands digit of 3667000243?
0
What is the tens digit of 96721818?
1
What is the units digit of 5246529588?
8
What is the ten thousands digit of 9727899?
2
What is the ten thousands digit of 24563692?
6
What is the hundred thousands digit of 96655285?
6
What is the hundreds digit of 331992743?
7
What is the hundreds digit of 5677868197?
1
What is the thousands digit of 1688707865?
7
What is the units digit of 45272190?
0
What is the units digit of 133629713?
3
What is the hundred thousands digit of 12082731?
0
What is the thousands digit of 42668420?
8
What is the tens digit of 85539445?
4
What is the ten thousands digit of 1415501995?
0
What is the tens digit of 5230175?
7
What is the ten thousands digit of 13279863?
7
What is the units digit of 2984400247?
7
What is the thousands digit of 684349599?
9
What is the ten thousands digit of 17109021?
0
What is the hundred thousands digit of 744988467?
9
What is the units digit of 43374470?
0
What is the thousands digit of 23477272?
7
What is the millions digit of 3715924131?
5
What is the ten millions digit of 92806216?
9
What is the ten thousands digit of 227442439?
4
What is the thousands digit of 141182434?
2
What is the 